867102?
True
Does 15 divide 1908480?
True
Does 219 divide 64770?
False
Does 49 divide 19882?
False
Is 419195 a multiple of 40?
False
Is 254398 a multiple of 4?
False
Is 86644 a multiple of 8?
False
Is 45 a factor of 188970?
False
Does 15 divide 361190?
False
Does 225 divide 2256075?
True
Is 2561797 a multiple of 40?
False
Is 7241796 a multiple of 153?
True
Is 1219617 a multiple of 153?
False
Is 335200 a multiple of 200?
True
Does 22 divide 70470?
False
Is 9 a factor of 195129?
True
Is 6493 a multiple of 151?
True
Is 932 a factor of 696204?
True
Is 6718814 a multiple of 19?
False
Does 19 divide 5250717?
False
Is 205 a factor of 6943087?
False
Is 10 a factor of 334209?
False
Is 7 a factor of 1050554?
False
Is 125 a factor of 154551?
False
Is 1981404 a multiple of 10?
False
Is 8917808 a multiple of 107?
True
Does 108 divide 905796?
True
Is 106641 a multiple of 5?
False
Is 561226 a multiple of 88?
False
Is 109 a factor of 221597?
True
Is 30 a factor of 5714347?
False
Is 117 a factor of 187679?
False
Is 6630934 a multiple of 1249?
False
Does 162 divide 231012?
True
Is 207631 a multiple of 397?
True
Is 625 a factor of 147108?
False
Is 26 a factor of 11798373?
False
Does 40 divide 1115209?
False
Is 5 a factor of 177063?
False
Is 260340 a multiple of 60?
True
Is 509 a factor of 4493452?
True
Is 1001585 a multiple of 325?
False
Is 458603 a multiple of 22?
False
Does 84 divide 472920?
True
Does 2 divide 3724?
True
Does 15 divide 17121766?
False
Is 44432640 a multiple of 3360?
True
Is 27 a factor of 3447630?
True
Is 7982 a multiple of 16?
False
Is 1571 a factor of 1893055?
True
Does 403 divide 2085692?
False
Is 134 a factor of 5450316?
True
Does 12 divide 1472879?
False
Is 8 a factor of 5740722?
False
Is 194 a factor of 1032856?
True
Does 794 divide 5536562?
True
Is 28349 a multiple of 3?
False
Is 45 a factor of 164160?
True
Does 279 divide 744734?
False
Is 3 a factor of 146697?
True
Does 28 divide 511392?
True
Does 14 divide 36655?
False
Does 51 divide 60044?
False
Is 14535096 a multiple of 15?
False
Is 33 a factor of 17778651?
True
Does 40 divide 408400?
True
Is 56 a factor of 5993?
False
Is 127 a factor of 709479?
False
Is 2204964 a multiple of 147?
False
Is 365 a factor of 728175?
True
Is 139 a factor of 45437?
False
Is 5 a factor of 3980?
True
Is 2690688 a multiple of 46?
False
Does 249 divide 1272901?
False
Is 108 a factor of 672840?
True
Is 351 a factor of 170937?
True
Is 1011453 a multiple of 32?
False
Does 117 divide 3882837?
False
Is 334688 a multiple of 77?
False
Is 471 a factor of 130412?
False
Does 15 divide 24742?
False
Does 22 divide 558544?
False
Is 257448 a multiple of 8?
True
Is 104 a factor of 97864?
True
Is 584 a factor of 530144?
False
Does 3 divide 20079?
True
Is 15 a factor of 22584?
False
Is 498100 a multiple of 34?
True
Is 642734 a multiple of 1048?
False
Is 636558 a multiple of 3?
True
Is 403 a factor of 1075204?
True
Is 168267 a multiple of 10?
False
Is 858 a factor of 4394676?
True
Is 2775593 a multiple of 4?
False
Is 366 a factor of 715896?
True
Does 54 divide 1676646?
True
Does 88 divide 11721688?
True
Does 336 divide 199128?
False
Is 353 a factor of 3879579?
False
Is 589656 a multiple of 55?
False
Is 14 a factor of 161376?
False
Is 211 a factor of 261640?
True
Does 17 divide 2697862?
False
Is 21085 a multiple of 11?
False
Does 19 divide 1254?
True
Does 1033 divide 3751392?
False
Is 315 a factor of 12072690?
True
Is 47 a factor of 728876?
True
Does 3 divide 28839?
True
Is 12345799 a multiple of 2886?
False
Does 52 divide 222196?
True
Is 63223 a multiple of 3?
False
Is 210407 a multiple of 8?
False
Is 30 a factor of 98700?
True
Is 4 a factor of 25316?
True
Does 432 divide 1166832?
True
Does 193 divide 1371272?
False
Is 203608 a multiple of 45?
False
Is 8760 a multiple of 5?
True
Does 49 divide 129948?
True
Does 12 divide 2497152?
True
Does 45 divide 8185?
False
Does 389 divide 463299?
True
Is 50 a factor of 120440?
False
Is 633899 a multiple of 87?
False
Is 459836 a multiple of 148?
True
Is 26 a factor of 602969?
False
Does 340 divide 38760?
True
Is 14 a factor of 177528?
False
Does 32 divide 4816256?
True
Is 341484 a multiple of 199?
True
Is 1410046 a multiple of 214?
True
Does 20 divide 762246?
False
Is 19 a factor of 43453?
True
Does 23 divide 12905392?
True
Does 495 divide 6258285?
True
Is 6 a factor of 114601?
False
Does 24 divide 2914848?
True
Is 54 a factor of 3560436?
True
Does 255 divide 182580?
True
Is 42196 a multiple of 64?
False
Is 2307981 a multiple of 93?
True
Is 2153050 a multiple of 289?
True
Is 861926 a multiple of 13?
True
Does 23 divide 2100339?
False
Is 6 a factor of 82254?
True
Is 119672 a multiple of 14?
True
Is 176 a factor of 611072?
True
Does 18 divide 1992690?
True
Is 37 a factor of 312602?
False
Does 29 divide 4306982?
False
Does 24 divide 70471?
False
Is 566326 a multiple of 22?
False
Is 115968 a multiple of 5?
False
Is 1683189 a multiple of 261?
True
Is 63 a factor of 84231?
True
Does 1529 divide 24870714?
True
Is 18 a factor of 949482?
True
Is 164648 a multiple of 41?
False
Is 316 a factor of 1733260?
True
Does 2 divide 854?
True
Is 99 a factor of 2576897?
False
Is 1215520 even?
True
Does 41 divide 342440?
False
Is 296 a factor of 3188159?
False
Is 239666 a multiple of 17?
True
Does 31 divide 8046980?
True
Is 1541578 a multiple of 575?
False
Is 72649 a multiple of 4?
False
Does 340 divide 982835?
False
Is 57 a factor of 165499?
False
Does 261 divide 8237160?
True
Is 1125984 a multiple of 148?
True
Is 245 a factor of 1375748?
False
Does 15 divide 2768156?
False
Is 262 a factor of 183243?
False
Does 130 divide 361581?
False
Does 78 divide 114300?
False
Is 269 a factor of 5044557?
True
Is 140 a factor of 1670900?
True
Does 244 divide 17773?
False
Does 6 divide 55084?
False
Is 62 a factor of 300611?
False
Is 788 a factor of 579968?
True
Is 88132 a multiple of 44?
True
Is 94 a factor of 214646?
False
Does 207 divide 2899758?
False
Does 118 divide 8869005?
False
Does 72 divide 22050?
False
Does 38 divide 10136462?
True
Does 18 divide 94770?
True
Is 920993 a multiple of 55?
False
Does 241 divide 957493?
True
Does 230 divide 1002391?
False
Does 114 divide 786942?
True
Is 9 a factor of 91267?
False
Is 12 a factor of 51660?
True
Is 62 a factor of 86869?
False
Is 2483526 a multiple of 948?
False
Is 209526 a multiple of 141?
True
Is 14 a factor of 39573?
False
Is 41 a factor of 39291?
False
Is 17 a factor of 4012?
True
Is 130115 a multiple of 192?
False
Does 135 divide 143165?
False
Does 56 divide 73744?
False
Is 1075337 a multiple of 10?
False
Is 14740361 a multiple of 822?
False
Does 441 divide 2838911?
False
Is 81118 a multiple of 60?
False
Does 133 divide 587697?
False
Is 157995 a multiple of 15?
True
Is 15 a factor of 1684665?
True
Is 118 a factor of 1896614?
True
Is 52 a factor of 1301065?
False
Is 41 a factor of 593258?
False
Does 3 divide 229383?
True
Does 105 divide 329910?
True
Is 1773332 a multiple of 832?
False
Does 772 divide 6755772?
True
Does 207 divide 536544?
True
Is 23 a factor of 1920239?
False
Does 7 divide 21178?
False
Is 1182429 a multiple of 39?
False
Is 53 a factor of 4395396?
True
Is 7 a factor of 165653?
False
Is 186 a factor of 94048?
False
Does 197 divide 15906?
False
Is 36 a factor of 1711404?
True
Is 61 a factor of 454300?
False
Is 2971752 a multiple of 84?
True
Is 504450 a multiple of 90?
True
Is 56434 a multiple of 58?
True
Does 34 divide 77290?
False
Is 463624 a multiple of 14?
True
Does 18 divide 97531?
False
Is 2500742 a multiple of 159?
False
Does 9 divide 1477080?
True
Is 63482 a multiple of 215?
False
Does 87 divide 1117303?
False
Is 110 a factor of 1208350?
True
Is 324927 a multiple of 39?
False
Is 8 a factor of 44111?
False
Is 3200 a multiple of 4?
True
Does 58 divide 4534672?
True
Is 6497348 a multiple of 11?
True
Does 32 divide 871689?
False
Is 654 a factor of 677846?
False
Is 35 a factor of 1611486?
False
Does 55 divide 845350?
True
Is 14 a factor of 3257471?
False
Is 293 a factor of 1959223?
False
Is 151510 a multiple of 9?
False
Is 230 a factor of 14753770?
False
Does 1498 divide 10526190?
False
Does 15 divide 18140127?
False
Is 1467797 a multiple of 175?
False
Is 28 a factor of 1007356?
True
Is 42640 a multiple of 208?
True
Is 4611521 a multiple of 71?
True